4521?
3, 11, 137
What are the prime factors of 6790?
2, 5, 7, 97
List the prime factors of 923.
13, 71
List the prime factors of 10409.
7, 1487
What are the prime factors of 30985?
5, 6197
What are the prime factors of 139?
139
What are the prime factors of 2792?
2, 349
List the prime factors of 40688.
2, 2543
What are the prime factors of 100?
2, 5
List the prime factors of 595.
5, 7, 17
What are the prime factors of 90958?
2, 7, 73, 89
List the prime factors of 1504.
2, 47
What are the prime factors of 77979?
3, 11, 17, 139
List the prime factors of 2465.
5, 17, 29
List the prime factors of 29588.
2, 13, 569
What are the prime factors of 7969?
13, 613
What are the prime factors of 159859?
7, 41, 557
List the prime factors of 2144.
2, 67
List the prime factors of 3035.
5, 607
What are the prime factors of 57829?
57829
What are the prime factors of 3?
3
List the prime factors of 539.
7, 11
What are the prime factors of 2592?
2, 3
List the prime factors of 18474.
2, 3, 3079
List the prime factors of 6285.
3, 5, 419
List the prime factors of 2200.
2, 5, 11
List the prime factors of 31050.
2, 3, 5, 23
List the prime factors of 102.
2, 3, 17
List the prime factors of 564.
2, 3, 47
List the prime factors of 6614.
2, 3307
What are the prime factors of 7176?
2, 3, 13, 23
List the prime factors of 45894.
2, 3, 7649
List the prime factors of 61505.
5, 12301
List the prime factors of 23065.
5, 7, 659
List the prime factors of 71970.
2, 3, 5, 2399
List the prime factors of 539.
7, 11
List the prime factors of 1287.
3, 11, 13
List the prime factors of 843.
3, 281
What are the prime factors of 3023?
3023
What are the prime factors of 36259?
101, 359
What are the prime factors of 7999?
19, 421
List the prime factors of 107.
107
List the prime factors of 13241.
13241
What are the prime factors of 1916?
2, 479
List the prime factors of 544.
2, 17
List the prime factors of 57086.
2, 17, 23, 73
List the prime factors of 15999.
3, 5333
List the prime factors of 339.
3, 113
What are the prime factors of 8754?
2, 3, 1459
What are the prime factors of 370?
2, 5, 37
What are the prime factors of 10793?
43, 251
What are the prime factors of 1688?
2, 211
List the prime factors of 6369.
3, 11, 193
List the prime factors of 7249.
11, 659
List the prime factors of 74289.
3, 24763
What are the prime factors of 10316?
2, 2579
What are the prime factors of 3134?
2, 1567
List the prime factors of 270.
2, 3, 5
List the prime factors of 11994.
2, 3, 1999
What are the prime factors of 1451?
1451
What are the prime factors of 1231?
1231
List the prime factors of 11759.
11, 1069
List the prime factors of 8656.
2, 541
List the prime factors of 178.
2, 89
What are the prime factors of 1629?
3, 181
What are the prime factors of 1486?
2, 743
What are the prime factors of 2008?
2, 251
What are the prime factors of 36798?
2, 3, 6133
What are the prime factors of 1366?
2, 683
List the prime factors of 328.
2, 41
List the prime factors of 17.
17
List the prime factors of 26618.
2, 13309
What are the prime factors of 7175?
5, 7, 41
What are the prime factors of 6856?
2, 857
List the prime factors of 1028.
2, 257
What are the prime factors of 15280?
2, 5, 191
List the prime factors of 64051.
13, 379
What are the prime factors of 2308?
2, 577
List the prime factors of 1139.
17, 67
List the prime factors of 8489.
13, 653
What are the prime factors of 1818?
2, 3, 101
List the prime factors of 19020.
2, 3, 5, 317
What are the prime factors of 39382?
2, 7, 29, 97
What are the prime factors of 4941?
3, 61
List the prime factors of 1008.
2, 3, 7
List the prime factors of 1302.
2, 3, 7, 31
List the prime factors of 34147.
34147
What are the prime factors of 1900?
2, 5, 19
What are the prime factors of 6650?
2, 5, 7, 19
What are the prime factors of 731?
17, 43
List the prime factors of 49307.
49307
List the prime factors of 18455.
5, 3691
List the prime factors of 3880.
2, 5, 97
List the prime factors of 3151.
23, 137
List the prime factors of 11562.
2, 3, 41, 47
What are the prime factors of 3039?
3, 1013
List the prime factors of 6752.
2, 211
What are the prime factors of 2418?
2, 3, 13, 31
What are the prime factors of 8546?
2, 4273
List the prime factors of 821.
821
List the prime factors of 9068.
2, 2267
List the prime factors of 16345.
5, 7, 467
What are the prime factors of 43116?
2, 3, 3593
What are the prime factors of 938?
2, 7, 67
What are the prime factors of 2755?
5, 19, 29
What are the prime factors of 3089?
3089
List the prime factors of 91697.
47, 1951
List the prime factors of 33000.
2, 3, 5, 11
List the prime factors of 2201.
31, 71
List the prime factors of 242.
2, 11
What are the prime factors of 1555?
5, 311
List the prime factors of 1029.
3, 7
What are the prime factors of 4293?
3, 53
What are the prime factors of 11132?
2, 11, 23
List the prime factors of 5691.
3, 7, 271
List the prime factors of 4528.
2, 283
What are the prime factors of 63075?
3, 5, 29
What are the prime factors of 15245?
5, 3049
List the prime factors of 2985.
3, 5, 199
What are the prime factors of 12363?
3, 13, 317
What are the prime factors of 1784?
2, 223
List the prime factors of 3724.
2, 7, 19
What are the prime factors of 10409?
7, 1487
List the prime factors of 8238.
2, 3, 1373
What are the prime factors of 15497?
15497
What are the prime factors of 1614?
2, 3, 269
List the prime factors of 461.
461
List the prime factors of 1566.
2, 3, 29
List the prime factors of 46269.
3, 53, 97
What are the prime factors of 98918?
2, 49459
What are the prime factors of 767?
13, 59
What are the prime factors of 2020?
2, 5, 101
List the prime factors of 4906.
2, 11, 223
What are the prime factors of 3716?
2, 929
What are the prime factors of 416?
2, 13
What are the prime factors of 4632?
2, 3, 193
List the prime factors of 21680.
2, 5, 271
What are the prime factors of 15551?
15551
List the prime factors of 41679.
3, 11, 421
What are the prime factors of 1214?
2, 607
List the prime factors of 329.
7, 47
What are the prime factors of 10711?
10711
What are the prime factors of 10978?
2, 11, 499
What are the prime factors of 6961?
6961
List the prime factors of 980.
2, 5, 7
What are the prime factors of 12119?
12119
List the prime factors of 49596.
2, 3, 4133
List the prime factors of 4277.
7, 13, 47
List the prime factors of 3259.
3259
List the prime factors of 722.
2, 19
List the prime factors of 461.
461
List the prime factors of 36656.
2, 29, 79
What are the prime factors of 2263?
31, 73
List the prime factors of 19029.
3, 6343
What are the prime factors of 65192?
2, 29, 281
List the prime factors of 3745.
5, 7, 107
List the prime factors of 2755.
5, 19, 29
List the prime factors of 567.
3, 7
What are the prime factors of 7941?
3, 2647
List the prime factors of 3667.
19, 193
What are the prime factors of 63661?
13, 59, 83
List the prime factors of 1579.
1579
List the prime factors of 38293.
149, 257
List the prime factors of 4911.
3, 1637
List the prime factors of 20745.
3, 5, 461
List the prime factors of 266.
2, 7, 19
What are the prime factors of 81276?
2, 3, 13, 521
What are the prime factors of 46421?
61, 761
What are the prime factors of 308?
2, 7, 11
What are the prime factors of 658?
2, 7, 47
What are the prime factors of 97524?
2, 3, 7, 43
What are the prime factors of 1149?
3, 383
What are the prime factors of 8962?
2, 4481
List the prime factors of 117191.
117191
List the prime factors of 6037.
6037
What are the prime factors of 8995?
5, 7, 257
List the prime factors of 8330.
2, 5, 7, 17
List the prime factors of 1190.
2, 5, 7, 17
List the prime factors of 49204.
2, 12301
What are the prime factors of 4824?
2, 3, 67
What are the prime factors of 160585?
5, 32117
List the prime factors of 1525.
5, 61
What are the prime factors of 1415?
5, 283
List the prime factors of 18731.
18731
List the prime factors of 1930.
2, 5, 193
What are the prime factors of 1240?
2, 5, 31
What are the prime factors of 11268?
2, 3, 313
What are the prime factors of 3144?
2, 3, 131
What are the prime factors of 6054?
2, 3, 1009
What are the prime factors of 5163?
3, 1721
List the prime factors of 4357.
4357
List the prime factors of 36219.
3, 12073
List the prime factors of 6031.
37, 163
List the prime factors of 60103.
